ctors of 4684?
2, 1171
List the prime factors of 1447.
1447
List the prime factors of 3225.
3, 5, 43
What are the prime factors of 2258?
2, 1129
List the prime factors of 124.
2, 31
What are the prime factors of 592?
2, 37
What are the prime factors of 60499?
101, 599
List the prime factors of 9008.
2, 563
List the prime factors of 855.
3, 5, 19
What are the prime factors of 8694?
2, 3, 7, 23
What are the prime factors of 12346?
2, 6173
List the prime factors of 15821.
13, 1217
What are the prime factors of 36847?
36847
What are the prime factors of 8552?
2, 1069
List the prime factors of 3312.
2, 3, 23
What are the prime factors of 1711?
29, 59
List the prime factors of 20303.
79, 257
List the prime factors of 1855.
5, 7, 53
What are the prime factors of 6050?
2, 5, 11
What are the prime factors of 1788?
2, 3, 149
List the prime factors of 1350.
2, 3, 5
List the prime factors of 12113.
12113
What are the prime factors of 15370?
2, 5, 29, 53
List the prime factors of 1629.
3, 181
List the prime factors of 638.
2, 11, 29
What are the prime factors of 1816?
2, 227
List the prime factors of 956.
2, 239
List the prime factors of 70285.
5, 14057
List the prime factors of 5190.
2, 3, 5, 173
List the prime factors of 160293.
3, 7, 17, 449
List the prime factors of 921.
3, 307
List the prime factors of 2616.
2, 3, 109
List the prime factors of 988.
2, 13, 19
What are the prime factors of 4348?
2, 1087
List the prime factors of 3043.
17, 179
List the prime factors of 723.
3, 241
What are the prime factors of 10889?
10889
List the prime factors of 697.
17, 41
List the prime factors of 995.
5, 199
List the prime factors of 10358.
2, 5179
List the prime factors of 30117.
3, 10039
List the prime factors of 1296.
2, 3
What are the prime factors of 1232?
2, 7, 11
What are the prime factors of 47461?
31, 1531
What are the prime factors of 3519?
3, 17, 23
What are the prime factors of 5491?
17, 19
What are the prime factors of 1439?
1439
What are the prime factors of 23536?
2, 1471
What are the prime factors of 89495?
5, 7, 2557
List the prime factors of 59504.
2, 3719
List the prime factors of 64074.
2, 3, 59, 181
List the prime factors of 329.
7, 47
List the prime factors of 11077.
11, 19, 53
List the prime factors of 106774.
2, 197, 271
What are the prime factors of 27227?
19, 1433
What are the prime factors of 4368?
2, 3, 7, 13
What are the prime factors of 41249?
13, 19, 167
What are the prime factors of 18710?
2, 5, 1871
What are the prime factors of 1126?
2, 563
What are the prime factors of 818?
2, 409
What are the prime factors of 27924?
2, 3, 13, 179
List the prime factors of 2096.
2, 131
List the prime factors of 6973.
19, 367
What are the prime factors of 12915?
3, 5, 7, 41
What are the prime factors of 14?
2, 7
List the prime factors of 7373.
73, 101
What are the prime factors of 597?
3, 199
List the prime factors of 97748.
2, 7, 3491
What are the prime factors of 3230?
2, 5, 17, 19
List the prime factors of 994.
2, 7, 71
What are the prime factors of 64650?
2, 3, 5, 431
List the prime factors of 46457.
46457
List the prime factors of 1680.
2, 3, 5, 7
What are the prime factors of 4446?
2, 3, 13, 19
List the prime factors of 125938.
2, 62969
List the prime factors of 36393.
3, 7, 1733
What are the prime factors of 10227?
3, 7, 487
List the prime factors of 11648.
2, 7, 13
List the prime factors of 6995.
5, 1399
List the prime factors of 1495.
5, 13, 23
What are the prime factors of 847?
7, 11
What are the prime factors of 9388?
2, 2347
List the prime factors of 1333.
31, 43
What are the prime factors of 1692?
2, 3, 47
List the prime factors of 910.
2, 5, 7, 13
What are the prime factors of 5553?
3, 617
What are the prime factors of 39090?
2, 3, 5, 1303
List the prime factors of 6021.
3, 223
List the prime factors of 217.
7, 31
What are the prime factors of 19195?
5, 11, 349
What are the prime factors of 447?
3, 149
What are the prime factors of 650?
2, 5, 13
What are the prime factors of 29381?
11, 2671
What are the prime factors of 9868?
2, 2467
List the prime factors of 14382.
2, 3, 17, 47
List the prime factors of 1125.
3, 5
What are the prime factors of 2080?
2, 5, 13
List the prime factors of 4477.
11, 37
What are the prime factors of 18475?
5, 739
List the prime factors of 6972.
2, 3, 7, 83
List the prime factors of 19664.
2, 1229
What are the prime factors of 26412?
2, 3, 31, 71
What are the prime factors of 4823?
7, 13, 53
List the prime factors of 985.
5, 197
What are the prime factors of 6321?
3, 7, 43
List the prime factors of 71838.
2, 3, 13, 307
What are the prime factors of 1111?
11, 101
List the prime factors of 321.
3, 107
List the prime factors of 13271.
23, 577
What are the prime factors of 16291?
11, 1481
List the prime factors of 40159.
7, 5737
List the prime factors of 2527.
7, 19
List the prime factors of 5626.
2, 29, 97
What are the prime factors of 11137?
7, 37, 43
List the prime factors of 82169.
127, 647
List the prime factors of 11244.
2, 3, 937
What are the prime factors of 50673?
3, 7, 19, 127
List the prime factors of 12365.
5, 2473
What are the prime factors of 615?
3, 5, 41
What are the prime factors of 84466?
2, 157, 269
List the prime factors of 30202.
2, 15101
What are the prime factors of 6500?
2, 5, 13
What are the prime factors of 4811?
17, 283
What are the prime factors of 3690?
2, 3, 5, 41
What are the prime factors of 91432?
2, 11, 1039
What are the prime factors of 2055?
3, 5, 137
What are the prime factors of 8016?
2, 3, 167
What are the prime factors of 2436?
2, 3, 7, 29
What are the prime factors of 227?
227
What are the prime factors of 14688?
2, 3, 17
What are the prime factors of 72728?
2, 9091
List the prime factors of 11959.
11959
What are the prime factors of 114?
2, 3, 19
List the prime factors of 2777.
2777
What are the prime factors of 3297?
3, 7, 157
List the prime factors of 150241.
7, 13, 127
What are the prime factors of 13676?
2, 13, 263
What are the prime factors of 96914?
2, 47, 1031
List the prime factors of 9675.
3, 5, 43
What are the prime factors of 4156?
2, 1039
List the prime factors of 5944.
2, 743
What are the prime factors of 2015?
5, 13, 31
List the prime factors of 66064.
2, 4129
List the prime factors of 100.
2, 5
What are the prime factors of 3347?
3347
List the prime factors of 92669.
92669
What are the prime factors of 716?
2, 179
What are the prime factors of 2554?
2, 1277
List the prime factors of 326.
2, 163
List the prime factors of 3506.
2, 1753
What are the prime factors of 29701?
7, 4243
What are the prime factors of 2849?
7, 11, 37
What are the prime factors of 165468?
2, 3, 13789
List the prime factors of 32563.
32563
What are the prime factors of 7019?
7019
What are the prime factors of 20885?
5, 4177
What are the prime factors of 682?
2, 11, 31
What are the prime factors of 42285?
3, 5, 2819
What are the prime factors of 63284?
2, 13, 1217
List the prime factors of 15807.
3, 11, 479
List the prime factors of 3836.
2, 7, 137
What are the prime factors of 6006?
2, 3, 7, 11, 13
What are the prime factors of 2115?
3, 5, 47
List the prime factors of 1449.
3, 7, 23
What are the prime factors of 3434?
2, 17, 101
What are the prime factors of 9133?
9133
What are the prime factors of 170603?
170603
What are the prime factors of 29560?
2, 5, 739
What are the prime factors of 33123?
3, 61, 181
What are the prime factors of 1424?
2, 89
List the prime factors of 124560.
2, 3, 5, 173
List the prime factors of 50105.
5, 11, 911
List the prime factors of 45973.
31, 1483
What are the prime factors of 8585?
5, 17, 101
What are the prime factors of 7288?
2, 911
What are the prime factors of 137234?
2, 59, 1163
What are the prime factors of 23824?
2, 1489
What are the prime factors of 17500?
2, 5, 7
What are the prime factors of 2096?
2, 131
List the prime factors of 1034.
2, 11, 47
List the prime factors of 34767.
3, 3863
What are the prime factors of 2974?
2, 1487
What are the prime factors of 632?
2, 79
List the prime factors of 16667.
7, 2381
List the prime factors of 953.
953
What are the prime factors of 4189?
59, 71
What are the prime factors of 223?
223
List the prime factors of 804.
2, 3, 67
List the prime factors of 26725.
5, 1069
What are the prime factors of 152?
2